[INFO] cloning repository https://github.com/daaku/hyperwait
[INFO] running `Command { std: "git" "-c" "credential.helper=" "-c" "credential.helper=/workspace/cargo-home/bin/git-credential-null" "clone" "--bare" "https://github.com/daaku/hyperwait" "/workspace/cache/git-repos/https%3A%2F%2Fgithub.com%2Fdaaku%2Fhyperwait", kill_on_drop: false }`
[INFO] [stderr] Cloning into bare repository '/workspace/cache/git-repos/https%3A%2F%2Fgithub.com%2Fdaaku%2Fhyperwait'...
[INFO] running `Command { std: "git" "rev-parse" "HEAD", kill_on_drop: false }`
[INFO] [stdout] 785f8ce633c8b69cb8c5f2d6d1bd36ad1a702666
[INFO] checking daaku/hyperwait against master#af3c6e733a40e671550e0f0f5aeecaa13772ba56 for pr-74989
[INFO] running `Command { std: "git" "clone" "/workspace/cache/git-repos/https%3A%2F%2Fgithub.com%2Fdaaku%2Fhyperwait" "/workspace/builds/worker-10/source", kill_on_drop: false }`
[INFO] [stderr] Cloning into '/workspace/builds/worker-10/source'...
[INFO] [stderr] done.
[INFO] validating manifest of git repo https://github.com/daaku/hyperwait on toolchain af3c6e733a40e671550e0f0f5aeecaa13772ba56
[INFO] running `Command { std: "/workspace/cargo-home/bin/cargo" "+af3c6e733a40e671550e0f0f5aeecaa13772ba56" "read-manifest" "--manifest-path" "Cargo.toml", kill_on_drop: false }`
[INFO] started tweaking git repo https://github.com/daaku/hyperwait
[INFO] finished tweaking git repo https://github.com/daaku/hyperwait
[INFO] tweaked toml for git repo https://github.com/daaku/hyperwait written to /workspace/builds/worker-10/source/Cargo.toml
[INFO] crate git repo https://github.com/daaku/hyperwait already has a lockfile, it will not be regenerated
[INFO] running `Command { std: "/workspace/cargo-home/bin/cargo" "+af3c6e733a40e671550e0f0f5aeecaa13772ba56" "fetch" "--locked" "--manifest-path" "Cargo.toml", kill_on_drop: false }`
[INFO] running `Command { std: "docker" "create" "-v" "/var/lib/crater-agent-workspace/builds/worker-10/target:/opt/rustwide/target:rw,Z" "-v" "/var/lib/crater-agent-workspace/builds/worker-10/source:/opt/rustwide/workdir:ro,Z" "-v" "/var/lib/crater-agent-workspace/cargo-home:/opt/rustwide/cargo-home:ro,Z" "-v" "/var/lib/crater-agent-workspace/rustup-home:/opt/rustwide/rustup-home:ro,Z" "-e" "SOURCE_DIR=/opt/rustwide/workdir" "-e" "CARGO_TARGET_DIR=/opt/rustwide/target" "-e" "CARGO_HOME=/opt/rustwide/cargo-home" "-e" "RUSTUP_HOME=/opt/rustwide/rustup-home" "-w" "/opt/rustwide/workdir" "-m" "1610612736" "--user" "0:0" "--network" "none" "rustops/crates-build-env@sha256:d92eaeed33fa75130ca1ee6c8a01d1ffb62bac859dfdfb3450e3e5d1c0146529" "/opt/rustwide/cargo-home/bin/cargo" "+af3c6e733a40e671550e0f0f5aeecaa13772ba56" "metadata" "--no-deps" "--format-version=1", kill_on_drop: false }`
[INFO] [stdout] 77e3fe9b039be179c8c60e99b2241b28a8e964fb5bcf52cd8e7b4cd157557ebc
[INFO] [stderr] WARNING: Your kernel does not support swap limit capabilities or the cgroup is not mounted. Memory limited without swap.
[INFO] running `Command { std: "docker" "start" "-a" "77e3fe9b039be179c8c60e99b2241b28a8e964fb5bcf52cd8e7b4cd157557ebc", kill_on_drop: false }`
[INFO] running `Command { std: "docker" "inspect" "77e3fe9b039be179c8c60e99b2241b28a8e964fb5bcf52cd8e7b4cd157557ebc", kill_on_drop: false }`
[INFO] running `Command { std: "docker" "rm" "-f" "77e3fe9b039be179c8c60e99b2241b28a8e964fb5bcf52cd8e7b4cd157557ebc", kill_on_drop: false }`
[INFO] [stdout] 77e3fe9b039be179c8c60e99b2241b28a8e964fb5bcf52cd8e7b4cd157557ebc
[INFO] running `Command { std: "docker" "create" "-v" "/var/lib/crater-agent-workspace/builds/worker-10/target:/opt/rustwide/target:rw,Z" "-v" "/var/lib/crater-agent-workspace/builds/worker-10/source:/opt/rustwide/workdir:ro,Z" "-v" "/var/lib/crater-agent-workspace/cargo-home:/opt/rustwide/cargo-home:ro,Z" "-v" "/var/lib/crater-agent-workspace/rustup-home:/opt/rustwide/rustup-home:ro,Z" "-e" "SOURCE_DIR=/opt/rustwide/workdir" "-e" "CARGO_TARGET_DIR=/opt/rustwide/target" "-e" "CARGO_INCREMENTAL=0" "-e" "RUST_BACKTRACE=full" "-e" "RUSTFLAGS=--cap-lints=forbid" "-e" "CARGO_HOME=/opt/rustwide/cargo-home" "-e" "RUSTUP_HOME=/opt/rustwide/rustup-home" "-w" "/opt/rustwide/workdir" "-m" "1610612736" "--user" "0:0" "--network" "none" "rustops/crates-build-env@sha256:d92eaeed33fa75130ca1ee6c8a01d1ffb62bac859dfdfb3450e3e5d1c0146529" "/opt/rustwide/cargo-home/bin/cargo" "+af3c6e733a40e671550e0f0f5aeecaa13772ba56" "check" "--frozen" "--all" "--all-targets" "--message-format=json", kill_on_drop: false }`
[INFO] [stdout] 48cd031ea6287b2e148b12e7d939d9ca31c42aea9a57ee77cd2636b370a1e8f9
[INFO] [stderr] WARNING: Your kernel does not support swap limit capabilities or the cgroup is not mounted. Memory limited without swap.
[INFO] running `Command { std: "docker" "start" "-a" "48cd031ea6287b2e148b12e7d939d9ca31c42aea9a57ee77cd2636b370a1e8f9", kill_on_drop: false }`
[INFO] [stderr]     Checking cfg-if v0.1.6
[INFO] [stderr]     Checking futures v0.1.25
[INFO] [stderr]     Checking lazy_static v1.2.0
[INFO] [stderr]     Checking stable_deref_trait v1.1.1
[INFO] [stderr]     Checking slab v0.4.2
[INFO] [stderr]     Checking lazycell v1.2.1
[INFO] [stderr]    Compiling cc v1.0.28
[INFO] [stderr]    Compiling pkg-config v0.3.14
[INFO] [stderr]     Checking ucd-util v0.1.3
[INFO] [stderr]    Compiling httparse v1.3.3
[INFO] [stderr]     Checking foreign-types-shared v0.1.1
[INFO] [stderr]     Checking fnv v1.0.6
[INFO] [stderr]    Compiling regex v1.1.0
[INFO] [stderr]    Compiling openssl v0.10.16
[INFO] [stderr]     Checking bitflags v1.0.4
[INFO] [stderr]    Compiling native-tls v0.2.2
[INFO] [stderr]     Checking utf8-ranges v1.0.2
[INFO] [stderr]     Checking try-lock v0.2.2
[INFO] [stderr]     Checking openssl-probe v0.1.2
[INFO] [stderr]     Checking rand_core v0.3.1
[INFO] [stderr]    Compiling rand v0.6.4
[INFO] [stderr]     Checking log v0.4.6
[INFO] [stderr]     Checking crossbeam-utils v0.6.3
[INFO] [stderr]     Checking foreign-types v0.3.2
[INFO] [stderr]     Checking thread_local v0.3.6
[INFO] [stderr]     Checking owning_ref v0.4.0
[INFO] [stderr]     Checking rand_xorshift v0.1.1
[INFO] [stderr]     Checking rand_isaac v0.1.1
[INFO] [stderr]     Checking rand_hc v0.1.0
[INFO] [stderr]     Checking regex-syntax v0.6.5
[INFO] [stderr]     Checking iovec v0.1.2
[INFO] [stderr]     Checking rand_os v0.1.1
[INFO] [stderr]     Checking net2 v0.2.33
[INFO] [stderr]     Checking time v0.1.42
[INFO] [stderr]     Checking memchr v2.1.3
[INFO] [stderr]     Checking atty v0.2.11
[INFO] [stderr]    Compiling rand_pcg v0.1.1
[INFO] [stderr]    Compiling parking_lot_core v0.4.0
[INFO] [stderr]     Checking rand_chacha v0.1.1
[INFO] [stderr]     Checking lock_api v0.1.5
[INFO] [stderr]     Checking bytes v0.4.11
[INFO] [stderr]     Checking crossbeam-epoch v0.7.0
[INFO] [stderr]     Checking mio v0.6.16
[INFO] [stderr]     Checking chrono v0.4.6
[INFO] [stderr]     Checking aho-corasick v0.6.9
[INFO] [stderr]     Checking crossbeam-deque v0.6.3
[INFO] [stderr]     Checking http v0.1.15
[INFO] [stderr]    Compiling openssl-sys v0.9.40
[INFO] [stderr]     Checking tokio-io v0.1.11
[INFO] [stderr]     Checking tokio-executor v0.1.6
[INFO] [stderr]     Checking tokio-sync v0.1.0
[INFO] [stderr]     Checking futures-cpupool v0.1.8
[INFO] [stderr]     Checking want v0.0.6
[INFO] [stderr]     Checking mio-uds v0.6.7
[INFO] [stderr]     Checking tokio-current-thread v0.1.4
[INFO] [stderr]     Checking tokio-timer v0.2.9
[INFO] [stderr]     Checking tokio-codec v0.1.1
[INFO] [stderr]     Checking tokio-async-await v0.1.5
[INFO] [stdout] error[E0557]: feature has been removed
[INFO] [stdout]  --> /opt/rustwide/cargo-home/registry/src/github.com-1ecc6299db9ec823/tokio-async-await-0.1.5/src/lib.rs:6:5
[INFO] [stdout]   |
[INFO] [stdout] 6 |     await_macro,
[INFO] [stdout]   |     ^^^^^^^^^^^ feature has been removed
[INFO] [stdout]   |
[INFO] [stdout]   = note: subsumed by `.await` syntax
[INFO] [stdout] 
[INFO] [stdout] 
[INFO] [stdout] error[E0432]: unresolved import `std::task::LocalWaker`
[INFO] [stdout]  --> /opt/rustwide/cargo-home/registry/src/github.com-1ecc6299db9ec823/tokio-async-await-0.1.5/src/compat/forward.rs:7:17
[INFO] [stdout]   |
[INFO] [stdout] 7 | use std::task::{LocalWaker, Poll as StdPoll};
[INFO] [stdout]   |                 ^^^^^^^^^^ no `LocalWaker` in `task`
[INFO] [stdout] 
[INFO] [stdout] 
[INFO] [stdout] error[E0432]: unresolved imports `std::task::LocalWaker`, `std::task::UnsafeWake`
[INFO] [stdout]   --> /opt/rustwide/cargo-home/registry/src/github.com-1ecc6299db9ec823/tokio-async-await-0.1.5/src/compat/backward.rs:9:5
[INFO] [stdout]    |
[INFO] [stdout] 9  |     LocalWaker,
[INFO] [stdout]    |     ^^^^^^^^^^ no `LocalWaker` in `task`
[INFO] [stdout] 10 |     Poll as StdPoll,
[INFO] [stdout] 11 |     UnsafeWake,
[INFO] [stdout]    |     ^^^^^^^^^^ no `UnsafeWake` in `task`
[INFO] [stdout] 
[INFO] [stdout] 
[INFO] [stdout] error[E0432]: unresolved import `std::task::LocalWaker`
[INFO] [stdout]  --> /opt/rustwide/cargo-home/registry/src/github.com-1ecc6299db9ec823/tokio-async-await-0.1.5/src/io/flush.rs:8:17
[INFO] [stdout]   |
[INFO] [stdout] 8 | use std::task::{LocalWaker, Poll};
[INFO] [stdout]   |                 ^^^^^^^^^^ no `LocalWaker` in `task`
[INFO] [stdout] 
[INFO] [stdout] 
[INFO] [stdout] error[E0432]: unresolved import `std::task::LocalWaker`
[INFO] [stdout]  --> /opt/rustwide/cargo-home/registry/src/github.com-1ecc6299db9ec823/tokio-async-await-0.1.5/src/stream/next.rs:6:17
[INFO] [stdout]   |
[INFO] [stdout] 6 | use std::task::{LocalWaker, Poll};
[INFO] [stdout]   |                 ^^^^^^^^^^ no `LocalWaker` in `task`
[INFO] [stdout] 
[INFO] [stdout] 
[INFO] [stdout] error[E0432]: unresolved import `std::await`
[INFO] [stdout]   --> /opt/rustwide/cargo-home/registry/src/github.com-1ecc6299db9ec823/tokio-async-await-0.1.5/src/lib.rs:76:9
[INFO] [stdout]    |
[INFO] [stdout] 76 | pub use std::await as std_await;
[INFO] [stdout]    |         ^^^^^^^^^^^^^^^^^^^^^^^ no `await` in the root
[INFO] [stdout] 
[INFO] [stdout] 
[INFO] [stdout] error[E0412]: cannot find type `LocalWaker` in module `task`
[INFO] [stdout]   --> /opt/rustwide/cargo-home/registry/src/github.com-1ecc6299db9ec823/tokio-async-await-0.1.5/src/io/read.rs:32:51
[INFO] [stdout]    |
[INFO] [stdout] 32 |     fn poll(mut self: Pin<&mut Self>, _lw: &task::LocalWaker) -> Poll<Self::Output> {
[INFO] [stdout]    |                                                   ^^^^^^^^^^ not found in `task`
[INFO] [stdout] 
[INFO] [stdout] 
[INFO] [stdout] error[E0412]: cannot find type `LocalWaker` in module `task`
[INFO] [stdout]   --> /opt/rustwide/cargo-home/registry/src/github.com-1ecc6299db9ec823/tokio-async-await-0.1.5/src/io/read_exact.rs:37:51
[INFO] [stdout]    |
[INFO] [stdout] 37 |     fn poll(mut self: Pin<&mut Self>, _lw: &task::LocalWaker) -> Poll<Self::Output> {
[INFO] [stdout]    |                                                   ^^^^^^^^^^ not found in `task`
[INFO] [stdout] 
[INFO] [stdout] 
[INFO] [stdout] error[E0412]: cannot find type `LocalWaker` in module `task`
[INFO] [stdout]   --> /opt/rustwide/cargo-home/registry/src/github.com-1ecc6299db9ec823/tokio-async-await-0.1.5/src/io/write.rs:32:51
[INFO] [stdout]    |
[INFO] [stdout] 32 |     fn poll(mut self: Pin<&mut Self>, _lw: &task::LocalWaker) -> Poll<io::Result<usize>> {
[INFO] [stdout]    |                                                   ^^^^^^^^^^ not found in `task`
[INFO] [stdout] 
[INFO] [stdout] 
[INFO] [stdout] error[E0412]: cannot find type `LocalWaker` in module `task`
[INFO] [stdout]   --> /opt/rustwide/cargo-home/registry/src/github.com-1ecc6299db9ec823/tokio-async-await-0.1.5/src/io/write_all.rs:37:51
[INFO] [stdout]    |
[INFO] [stdout] 37 |     fn poll(mut self: Pin<&mut Self>, _lw: &task::LocalWaker) -> Poll<io::Result<()>> {
[INFO] [stdout]    |                                                   ^^^^^^^^^^ not found in `task`
[INFO] [stdout] 
[INFO] [stdout] 
[INFO] [stdout] error[E0412]: cannot find type `LocalWaker` in module `task`
[INFO] [stdout]   --> /opt/rustwide/cargo-home/registry/src/github.com-1ecc6299db9ec823/tokio-async-await-0.1.5/src/sink/send.rs:31:51
[INFO] [stdout]    |
[INFO] [stdout] 31 |     fn poll(mut self: Pin<&mut Self>, _lw: &task::LocalWaker) -> Poll<Self::Output> {
[INFO] [stdout]    |                                                   ^^^^^^^^^^ not found in `task`
[INFO] [stdout] 
[INFO] [stdout] 
[INFO] [stdout] error: aborting due to 11 previous errors
[INFO] [stdout] 
[INFO] [stdout] 
[INFO] [stdout] Some errors have detailed explanations: E0412, E0432, E0557.
[INFO] [stdout] 
[INFO] [stdout] For more information about an error, try `rustc --explain E0412`.
[INFO] [stdout] 
[INFO] [stderr] error: could not compile `tokio-async-await`.
[INFO] [stderr] 
[INFO] [stderr] To learn more, run the command again with --verbose.
[INFO] [stderr] warning: build failed, waiting for other jobs to finish...
[INFO] [stderr] error: build failed
[INFO] running `Command { std: "docker" "inspect" "48cd031ea6287b2e148b12e7d939d9ca31c42aea9a57ee77cd2636b370a1e8f9", kill_on_drop: false }`
[INFO] running `Command { std: "docker" "rm" "-f" "48cd031ea6287b2e148b12e7d939d9ca31c42aea9a57ee77cd2636b370a1e8f9", kill_on_drop: false }`
[INFO] [stdout] 48cd031ea6287b2e148b12e7d939d9ca31c42aea9a57ee77cd2636b370a1e8f9
